{"id":984,"date":"2009-11-20T13:39:46","date_gmt":"2009-11-20T13:39:46","guid":{"rendered":"https:\/\/moradiaecidadania.org.br\/index.php\/2009\/11\/20\/coordenacao-estadual-do-parana\/"},"modified":"2019-12-11T14:26:10","modified_gmt":"2019-12-11T17:26:10","slug":"coordenacao-estadual-do-parana","status":"publish","type":"page","link":"https:\/\/moradiaecidadania.org.br\/restrito\/coordenacao-estadual-do-parana\/","title":{"rendered":"Coordena\u00e7\u00e3o Estadual do Paran\u00e1"},"content":{"rendered":"<h4>Venha nos fazer uma visita:<\/h4>\n<p>(41) 3323-2827<\/p>\n<p>moradiaecidadaniaparana@gmail.com<\/p>\n<p>Rua XV de novembro, n\u00ba 270, salas 212\/214 \u2013 Centro \u2013 Curitiba\/PR \u2013 CEP: 80020-310<\/p>\n<h4>Moradia e cidadania nas redes sociais<\/h4>\n<p>\t\t\t\t\t\t\t<a href=\"#\" target=\"_blank\" rel=\"noopener noreferrer\"><br \/>\n\t\t\t\t\tFacebook<br \/>\n\t\t\t\t\t\t\t\t\t<\/a><br \/>\n\t\t\t\t\t\t\t<a href=\"#\" target=\"_blank\" rel=\"noopener noreferrer\"><br \/>\n\t\t\t\t\tInstagram<br \/>\n\t\t\t\t\t\t\t\t\t<\/a><\/p>\n<form action=\"\/wp-admin\/admin-ajax.php#wpcf7-f22653-o1\" method=\"post\" novalidate=\"novalidate\">\n<input type=\"hidden\" name=\"_wpcf7\" value=\"22653\" \/><br \/>\n<input type=\"hidden\" name=\"_wpcf7_version\" value=\"5.1.6\" \/><br \/>\n<input type=\"hidden\" name=\"_wpcf7_locale\" value=\"pt_BR\" \/><br \/>\n<input type=\"hidden\" name=\"_wpcf7_unit_tag\" value=\"wpcf7-f22653-o1\" \/><br \/>\n<input type=\"hidden\" name=\"_wpcf7_container_post\" value=\"0\" \/><\/p>\n<p><label> Seu nome (obrigat\u00f3rio)<br \/>\n    <input type=\"text\" name=\"your-name\" value=\"\" size=\"40\" aria-required=\"true\" aria-invalid=\"false\" \/> <\/label><\/p>\n<p><label> Seu e-mail (obrigat\u00f3rio)<br \/>\n    <input type=\"email\" name=\"your-email\" value=\"\" size=\"40\" aria-required=\"true\" aria-invalid=\"false\" \/> <\/label><\/p>\n<p><label> Assunto<br \/>\n    <input type=\"text\" name=\"your-subject\" value=\"\" size=\"40\" aria-invalid=\"false\" \/> <\/label><\/p>\n<p><label> Sua mensagem<br \/>\n    <textarea name=\"your-message\" cols=\"40\" rows=\"10\" aria-invalid=\"false\"><\/textarea> <\/label><\/p>\n<p><input type=\"submit\" value=\"Enviar\" \/><\/p>\n<\/form>\n","protected":false},"excerpt":{"rendered":"<p>Venha nos fazer uma visita: (41) 3323-2827 moradiaecidadaniaparana@gmail.com Rua XV de novembro, n\u00ba 270, salas 212\/214 \u2013 Centro \u2013 Curitiba\/PR \u2013 CEP: 80020-310 Moradia e cidadania nas redes sociais Facebook Instagram Seu nome (obrigat\u00f3rio) Seu e-mail (obrigat\u00f3rio) Assunto Sua mensagem<\/p>\n","protected":false},"author":1,"featured_media":0,"parent":0,"menu_order":55,"comment_status":"open","ping_status":"open","template":"","meta":{"_uag_custom_page_level_css":"","site-sidebar-layout":"default","site-content-layout":"","ast-site-content-layout":"default","site-content-style":"default","site-sidebar-style":"default","ast-global-header-display":"","ast-banner-title-visibility":"","ast-main-header-display":"","ast-hfb-above-header-display":"","ast-hfb-below-header-display":"","ast-hfb-mobile-header-display":"","site-post-title":"","ast-breadcrumbs-content":"","ast-featured-img":"","footer-sml-layout":"","theme-transparent-header-meta":"","adv-header-id-meta":"","stick-header-meta":"","header-above-stick-meta":"","header-main-stick-meta":"","header-below-stick-meta":"","astra-migrate-meta-layouts":"default","ast-page-background-enabled":"default","ast-page-background-meta":{"desktop":{"background-color":"var(--ast-global-color-4)","background-image":"","background-repeat":"repeat","background-position":"center center","background-size":"auto","background-attachment":"scroll","background-type":"","background-media":"","overlay-type":"","overlay-color":"","overlay-opacity":"","overlay-gradient":""},"tablet":{"background-color":"","background-image":"","background-repeat":"repeat","background-position":"center center","background-size":"auto","background-attachment":"scroll","background-type":"","background-media":"","overlay-type":"","overlay-color":"","overlay-opacity":"","overlay-gradient":""},"mobile":{"background-color":"","background-image":"","background-repeat":"repeat","background-position":"center center","background-size":"auto","background-attachment":"scroll","background-type":"","background-media":"","overlay-type":"","overlay-color":"","overlay-opacity":"","overlay-gradient":""}},"ast-content-background-meta":{"desktop":{"background-color":"var(--ast-global-color-5)","background-image":"","background-repeat":"repeat","background-position":"center center","background-size":"auto","background-attachment":"scroll","background-type":"","background-media":"","overlay-type":"","overlay-color":"","overlay-opacity":"","overlay-gradient":""},"tablet":{"background-color":"var(--ast-global-color-5)","background-image":"","background-repeat":"repeat","background-position":"center center","background-size":"auto","background-attachment":"scroll","background-type":"","background-media":"","overlay-type":"","overlay-color":"","overlay-opacity":"","overlay-gradient":""},"mobile":{"background-color":"var(--ast-global-color-5)","background-image":"","background-repeat":"repeat","background-position":"center center","background-size":"auto","background-attachment":"scroll","background-type":"","background-media":"","overlay-type":"","overlay-color":"","overlay-opacity":"","overlay-gradient":""}},"footnotes":""},"class_list":["post-984","page","type-page","status-publish","hentry"],"uagb_featured_image_src":{"full":false,"thumbnail":false,"medium":false,"medium_large":false,"large":false,"1536x1536":false,"2048x2048":false},"uagb_author_info":{"display_name":"gebar23","author_link":"https:\/\/moradiaecidadania.org.br\/restrito\/author\/gebar23\/"},"uagb_comment_info":0,"uagb_excerpt":"Venha nos fazer uma visita: (41) 3323-2827 moradiaecidadaniaparana@gmail.com Rua XV de novembro, n\u00ba 270, salas 212\/214 \u2013 Centro \u2013 Curitiba\/PR \u2013 CEP: 80020-310 Moradia e cidadania nas redes sociais Facebook Instagram Seu nome (obrigat\u00f3rio) Seu e-mail (obrigat\u00f3rio) Assunto Sua mensagem","_links":{"self":[{"href":"https:\/\/moradiaecidadania.org.br\/restrito\/wp-json\/wp\/v2\/pages\/984","targetHints":{"allow":["GET"]}}],"collection":[{"href":"https:\/\/moradiaecidadania.org.br\/restrito\/wp-json\/wp\/v2\/pages"}],"about":[{"href":"https:\/\/moradiaecidadania.org.br\/restrito\/wp-json\/wp\/v2\/types\/page"}],"author":[{"embeddable":true,"href":"https:\/\/moradiaecidadania.org.br\/restrito\/wp-json\/wp\/v2\/users\/1"}],"replies":[{"embeddable":true,"href":"https:\/\/moradiaecidadania.org.br\/restrito\/wp-json\/wp\/v2\/comments?post=984"}],"version-history":[{"count":0,"href":"https:\/\/moradiaecidadania.org.br\/restrito\/wp-json\/wp\/v2\/pages\/984\/revisions"}],"wp:attachment":[{"href":"https:\/\/moradiaecidadania.org.br\/restrito\/wp-json\/wp\/v2\/media?parent=984"}],"curies":[{"name":"wp","href":"https:\/\/api.w.org\/{rel}","templated":true}]}}