{"id":5102,"date":"2016-06-17T14:36:16","date_gmt":"2016-06-17T17:36:16","guid":{"rendered":"https:\/\/moradiaecidadania.org.br\/?page_id=5102"},"modified":"2019-12-06T13:37:39","modified_gmt":"2019-12-06T16:37:39","slug":"historico","status":"publish","type":"page","link":"https:\/\/moradiaecidadania.org.br\/restrito\/historico\/","title":{"rendered":"Hist\u00f3rico"},"content":{"rendered":"<p>&nbsp;<\/p>\n<p style=\"text-align: justify;\"><span style=\"color: #000000;\">\u00a0\u00a0\u00a0\u00a0 A <strong>Moradia e Cidadania<\/strong> tem suas origens nos <strong>Comit\u00eas de A\u00e7\u00e3o da Cidadania<\/strong>, criados em 1993 pelo soci\u00f3logo <strong>Herbert de Souza<\/strong>. Em setembro do ano 2000 esse movimento social, abra\u00e7ado pelos empregados da Caixa transformou-se em institui\u00e7\u00e3o jur\u00eddica, como <strong>organiza\u00e7\u00e3o n\u00e3o governamental (ONG)<\/strong>, de abrang\u00eancia nacional, registrada sob o CNPJ n\u00ba 01.285.730\/0001-49 e denominada Moradia e Cidadania.<\/span><\/p>\n<p style=\"text-align: justify;\"><span style=\"color: #000000;\">\u00a0\u00a0\u00a0\u00a0 Em 2001 a Moradia e Cidadania foi reconhecida como entidade de Utilidade P\u00fablica Federal e tamb\u00e9m receberia do Minist\u00e9rio da Justi\u00e7a a qualifica\u00e7\u00e3o de <strong>Organiza\u00e7\u00e3o da Sociedade Civil de Interesse P\u00fablico \u2013 OSCIP<\/strong>.<\/span><\/p>\n<p style=\"text-align: justify;\"><span style=\"color: #000000;\">\u00a0\u00a0\u00a0\u00a0 Desde a cria\u00e7\u00e3o, o quadro de associados da Moradia e Cidadania \u00e9 <strong>aberto \u00e0 associa\u00e7\u00e3o de pessoas f\u00edsicas de qualquer natureza e proced\u00eancia<\/strong>, mediante inscri\u00e7\u00e3o junto \u00e0 institui\u00e7\u00e3o. Seu quadro de associados \u00e9 integrado atualmente por cerca de 8.000 pessoas, comp\u00f5e-se majoritariamente por empregados e aposentados da CAIXA, que contribuem para a realiza\u00e7\u00e3o de projetos de inclus\u00e3o social em todos os estados do pa\u00eds e no Distrito Federal.<\/span><\/p>\n<p style=\"text-align: justify;\"><span style=\"color: #000000;\">\u00a0\u00a0\u00a0\u00a0 A Moradia e Cidadania, por meio de <strong>coordena\u00e7\u00f5es estaduais<\/strong>, tem atua\u00e7\u00e3o em todo o <strong>territ\u00f3rio nacional<\/strong>, sem distin\u00e7\u00e3o de credo, ra\u00e7a, sexo, idade, profiss\u00e3o ou ideologias pol\u00edticas. A organiza\u00e7\u00e3o pauta sua atua\u00e7\u00e3o pela \u00e9tica, pela paz, na cidadania, na justi\u00e7a social, nos direitos humanos e sempre buscando os princ\u00edpios democr\u00e1ticos e a igualdade entre seus colaboradores, assistidos e apoiadores. Sua gest\u00e3o \u00e9 regida pela legisla\u00e7\u00e3o espec\u00edfica das <strong>organiza\u00e7\u00f5es da sociedade civil<\/strong>, por seu <strong>Estatuto e Regimento In<\/strong>terno. <strong>N\u00e3o possui fins lucrativos<\/strong> e tem atua\u00e7\u00e3o por prazo indeterminado.<\/span><\/p>\n<p>&nbsp;<\/p>\n<div align=\"center\">\n<p><div class=\"ast-oembed-container \" style=\"height: 100%;\"><iframe loading=\"lazy\" title=\"Moradia e Cidadania 2015\" width=\"500\" height=\"281\" src=\"https:\/\/www.youtube.com\/embed\/GA-ndeD-GKg?feature=oembed\" frameborder=\"0\" allow=\"accelerometer; autoplay; clipboard-write; encrypted-media; gyroscope; picture-in-picture; web-share\" referrerpolicy=\"strict-origin-when-cross-origin\" allowfullscreen><\/iframe><\/div>\n<\/p>\n<\/div>\n","protected":false},"excerpt":{"rendered":"<p>&nbsp; \u00a0\u00a0\u00a0\u00a0 A Moradia e Cidadania tem suas origens nos Comit\u00eas de A\u00e7\u00e3o da Cidadania, criados em 1993 pelo soci\u00f3logo Herbert de Souza. Em setembro do ano 2000 esse movimento social, abra\u00e7ado pelos empregados da Caixa transformou-se em institui\u00e7\u00e3o jur\u00eddica, como organiza\u00e7\u00e3o n\u00e3o governamental (ONG), de abrang\u00eancia nacional, registrada sob o CNPJ n\u00ba 01.285.730\/0001-49 e [&hellip;]<\/p>\n","protected":false},"author":1,"featured_media":0,"parent":0,"menu_order":0,"comment_status":"closed","ping_status":"closed","template":"","meta":{"_uag_custom_page_level_css":"","site-sidebar-layout":"default","site-content-layout":"","ast-site-content-layout":"default","site-content-style":"default","site-sidebar-style":"default","ast-global-header-display":"","ast-banner-title-visibility":"","ast-main-header-display":"","ast-hfb-above-header-display":"","ast-hfb-below-header-display":"","ast-hfb-mobile-header-display":"","site-post-title":"","ast-breadcrumbs-content":"","ast-featured-img":"","footer-sml-layout":"","theme-transparent-header-meta":"","adv-header-id-meta":"","stick-header-meta":"","header-above-stick-meta":"","header-main-stick-meta":"","header-below-stick-meta":"","astra-migrate-meta-layouts":"default","ast-page-background-enabled":"default","ast-page-background-meta":{"desktop":{"background-color":"var(--ast-global-color-4)","background-image":"","background-repeat":"repeat","background-position":"center center","background-size":"auto","background-attachment":"scroll","background-type":"","background-media":"","overlay-type":"","overlay-color":"","overlay-opacity":"","overlay-gradient":""},"tablet":{"background-color":"","background-image":"","background-repeat":"repeat","background-position":"center center","background-size":"auto","background-attachment":"scroll","background-type":"","background-media":"","overlay-type":"","overlay-color":"","overlay-opacity":"","overlay-gradient":""},"mobile":{"background-color":"","background-image":"","background-repeat":"repeat","background-position":"center center","background-size":"auto","background-attachment":"scroll","background-type":"","background-media":"","overlay-type":"","overlay-color":"","overlay-opacity":"","overlay-gradient":""}},"ast-content-background-meta":{"desktop":{"background-color":"var(--ast-global-color-5)","background-image":"","background-repeat":"repeat","background-position":"center center","background-size":"auto","background-attachment":"scroll","background-type":"","background-media":"","overlay-type":"","overlay-color":"","overlay-opacity":"","overlay-gradient":""},"tablet":{"background-color":"var(--ast-global-color-5)","background-image":"","background-repeat":"repeat","background-position":"center center","background-size":"auto","background-attachment":"scroll","background-type":"","background-media":"","overlay-type":"","overlay-color":"","overlay-opacity":"","overlay-gradient":""},"mobile":{"background-color":"var(--ast-global-color-5)","background-image":"","background-repeat":"repeat","background-position":"center center","background-size":"auto","background-attachment":"scroll","background-type":"","background-media":"","overlay-type":"","overlay-color":"","overlay-opacity":"","overlay-gradient":""}},"footnotes":""},"class_list":["post-5102","page","type-page","status-publish","hentry"],"uagb_featured_image_src":{"full":false,"thumbnail":false,"medium":false,"medium_large":false,"large":false,"1536x1536":false,"2048x2048":false},"uagb_author_info":{"display_name":"gebar23","author_link":"https:\/\/moradiaecidadania.org.br\/restrito\/author\/gebar23\/"},"uagb_comment_info":0,"uagb_excerpt":"&nbsp; \u00a0\u00a0\u00a0\u00a0 A Moradia e Cidadania tem suas origens nos Comit\u00eas de A\u00e7\u00e3o da Cidadania, criados em 1993 pelo soci\u00f3logo Herbert de Souza. Em setembro do ano 2000 esse movimento social, abra\u00e7ado pelos empregados da Caixa transformou-se em institui\u00e7\u00e3o jur\u00eddica, como organiza\u00e7\u00e3o n\u00e3o governamental (ONG), de abrang\u00eancia nacional, registrada sob o CNPJ n\u00ba 01.285.730\/0001-49 e&hellip;","_links":{"self":[{"href":"https:\/\/moradiaecidadania.org.br\/restrito\/wp-json\/wp\/v2\/pages\/5102","targetHints":{"allow":["GET"]}}],"collection":[{"href":"https:\/\/moradiaecidadania.org.br\/restrito\/wp-json\/wp\/v2\/pages"}],"about":[{"href":"https:\/\/moradiaecidadania.org.br\/restrito\/wp-json\/wp\/v2\/types\/page"}],"author":[{"embeddable":true,"href":"https:\/\/moradiaecidadania.org.br\/restrito\/wp-json\/wp\/v2\/users\/1"}],"replies":[{"embeddable":true,"href":"https:\/\/moradiaecidadania.org.br\/restrito\/wp-json\/wp\/v2\/comments?post=5102"}],"version-history":[{"count":0,"href":"https:\/\/moradiaecidadania.org.br\/restrito\/wp-json\/wp\/v2\/pages\/5102\/revisions"}],"wp:attachment":[{"href":"https:\/\/moradiaecidadania.org.br\/restrito\/wp-json\/wp\/v2\/media?parent=5102"}],"curies":[{"name":"wp","href":"https:\/\/api.w.org\/{rel}","templated":true}]}}