{"id":25712,"date":"2019-12-12T15:59:46","date_gmt":"2019-12-12T18:59:46","guid":{"rendered":"https:\/\/moradiaecidadania.org.br\/?page_id=25712"},"modified":"2021-11-29T10:54:42","modified_gmt":"2021-11-29T13:54:42","slug":"presidencia","status":"publish","type":"page","link":"https:\/\/moradiaecidadania.org.br\/restrito\/presidencia\/","title":{"rendered":"Presidencia Executiva"},"content":{"rendered":"<figure><img decoding=\"async\" width=\"588\" height=\"612\" src=\"https:\/\/moradiaecidadania.org.br\/restritowp-content\/uploads\/2020\/03\/Laurencio-perfi.jpg\" alt=\"\" loading=\"lazy\" \/><\/figure>\n<h3>Laur\u00eancio Korbes<\/h3>\n<p>presidente executivo<\/p>\n<p>\t\t\t\t\t\t\t\t\t\t\t\t<a href=\"\">Mais detalhes<\/a><\/p>\n<p>Confira a entrevista completa com o Presidente Laur\u00eancio Korbes\u00a0<a href=\"https:\/\/moradiaecidadania.org.br\/restritogente-que-faz-entrevista-com-o-vice-presidente-laurencio-korbes\/\" target=\"_blank\" rel=\"noopener\"><b>aqui<\/b><\/a><a href=\"https:\/\/moradiaecidadania.org.br\/restritotoma-posse-em-brasilia-a-nova-presidente-executiva-da-ong-moradia-e-cidadania\/\">.<\/a><\/p>\n<figure><img decoding=\"async\" width=\"770\" height=\"815\" src=\"https:\/\/moradiaecidadania.org.br\/restritowp-content\/uploads\/2020\/04\/Rejane.jpg\" alt=\"\" loading=\"lazy\" \/><\/figure>\n<h3>Rejane Moura<\/h3>\n<p>GERENTE NACIONAL<\/p>\n<figure><img decoding=\"async\" width=\"855\" height=\"855\" src=\"https:\/\/moradiaecidadania.org.br\/restritowp-content\/uploads\/2020\/04\/miriam.jpg\" alt=\"\" loading=\"lazy\" \/><\/figure>\n<h3>Miriam<\/h3>\n<p>Gerente de comunica\u00e7\u00e3o e mobiliza\u00e7\u00e3o<\/p>\n<figure><img decoding=\"async\" width=\"1280\" height=\"1280\" src=\"https:\/\/moradiaecidadania.org.br\/restritowp-content\/uploads\/2021\/11\/WhatsApp-Image-2021-11-29-at-10.52.34-1.jpeg\" alt=\"\" loading=\"lazy\" \/><\/figure>\n<h3>Victor Hugo<\/h3>\n<p>assistente de comunica\u00e7\u00e3o<\/p>\n<figure><img decoding=\"async\" width=\"577\" height=\"577\" src=\"https:\/\/moradiaecidadania.org.br\/restritowp-content\/uploads\/2020\/04\/camila.jpg\" alt=\"\" loading=\"lazy\" \/><\/figure>\n<h3>Camila Silva<\/h3>\n<p>auxiliar administrativo<\/p>\n","protected":false},"excerpt":{"rendered":"<p>Laur\u00eancio Korbes presidente executivo Mais detalhes Confira a entrevista completa com o Presidente Laur\u00eancio Korbes\u00a0aqui. Rejane Moura GERENTE NACIONAL Miriam Gerente de comunica\u00e7\u00e3o e mobiliza\u00e7\u00e3o Victor Hugo assistente de comunica\u00e7\u00e3o Camila Silva auxiliar administrativo<\/p>\n","protected":false},"author":1,"featured_media":0,"parent":0,"menu_order":0,"comment_status":"closed","ping_status":"closed","template":"","meta":{"_uag_custom_page_level_css":"","site-sidebar-layout":"default","site-content-layout":"","ast-site-content-layout":"default","site-content-style":"default","site-sidebar-style":"default","ast-global-header-display":"","ast-banner-title-visibility":"","ast-main-header-display":"","ast-hfb-above-header-display":"","ast-hfb-below-header-display":"","ast-hfb-mobile-header-display":"","site-post-title":"","ast-breadcrumbs-content":"","ast-featured-img":"","footer-sml-layout":"","theme-transparent-header-meta":"","adv-header-id-meta":"","stick-header-meta":"","header-above-stick-meta":"","header-main-stick-meta":"","header-below-stick-meta":"","astra-migrate-meta-layouts":"default","ast-page-background-enabled":"default","ast-page-background-meta":{"desktop":{"background-color":"var(--ast-global-color-4)","background-image":"","background-repeat":"repeat","background-position":"center center","background-size":"auto","background-attachment":"scroll","background-type":"","background-media":"","overlay-type":"","overlay-color":"","overlay-opacity":"","overlay-gradient":""},"tablet":{"background-color":"","background-image":"","background-repeat":"repeat","background-position":"center center","background-size":"auto","background-attachment":"scroll","background-type":"","background-media":"","overlay-type":"","overlay-color":"","overlay-opacity":"","overlay-gradient":""},"mobile":{"background-color":"","background-image":"","background-repeat":"repeat","background-position":"center center","background-size":"auto","background-attachment":"scroll","background-type":"","background-media":"","overlay-type":"","overlay-color":"","overlay-opacity":"","overlay-gradient":""}},"ast-content-background-meta":{"desktop":{"background-color":"var(--ast-global-color-5)","background-image":"","background-repeat":"repeat","background-position":"center center","background-size":"auto","background-attachment":"scroll","background-type":"","background-media":"","overlay-type":"","overlay-color":"","overlay-opacity":"","overlay-gradient":""},"tablet":{"background-color":"var(--ast-global-color-5)","background-image":"","background-repeat":"repeat","background-position":"center center","background-size":"auto","background-attachment":"scroll","background-type":"","background-media":"","overlay-type":"","overlay-color":"","overlay-opacity":"","overlay-gradient":""},"mobile":{"background-color":"var(--ast-global-color-5)","background-image":"","background-repeat":"repeat","background-position":"center center","background-size":"auto","background-attachment":"scroll","background-type":"","background-media":"","overlay-type":"","overlay-color":"","overlay-opacity":"","overlay-gradient":""}},"footnotes":""},"class_list":["post-25712","page","type-page","status-publish","hentry"],"uagb_featured_image_src":{"full":false,"thumbnail":false,"medium":false,"medium_large":false,"large":false,"1536x1536":false,"2048x2048":false},"uagb_author_info":{"display_name":"gebar23","author_link":"https:\/\/moradiaecidadania.org.br\/restrito\/author\/gebar23\/"},"uagb_comment_info":0,"uagb_excerpt":"Laur\u00eancio Korbes presidente executivo Mais detalhes Confira a entrevista completa com o Presidente Laur\u00eancio Korbes\u00a0aqui. Rejane Moura GERENTE NACIONAL Miriam Gerente de comunica\u00e7\u00e3o e mobiliza\u00e7\u00e3o Victor Hugo assistente de comunica\u00e7\u00e3o Camila Silva auxiliar administrativo","_links":{"self":[{"href":"https:\/\/moradiaecidadania.org.br\/restrito\/wp-json\/wp\/v2\/pages\/25712","targetHints":{"allow":["GET"]}}],"collection":[{"href":"https:\/\/moradiaecidadania.org.br\/restrito\/wp-json\/wp\/v2\/pages"}],"about":[{"href":"https:\/\/moradiaecidadania.org.br\/restrito\/wp-json\/wp\/v2\/types\/page"}],"author":[{"embeddable":true,"href":"https:\/\/moradiaecidadania.org.br\/restrito\/wp-json\/wp\/v2\/users\/1"}],"replies":[{"embeddable":true,"href":"https:\/\/moradiaecidadania.org.br\/restrito\/wp-json\/wp\/v2\/comments?post=25712"}],"version-history":[{"count":0,"href":"https:\/\/moradiaecidadania.org.br\/restrito\/wp-json\/wp\/v2\/pages\/25712\/revisions"}],"wp:attachment":[{"href":"https:\/\/moradiaecidadania.org.br\/restrito\/wp-json\/wp\/v2\/media?parent=25712"}],"curies":[{"name":"wp","href":"https:\/\/api.w.org\/{rel}","templated":true}]}}